ded by 2/8 - (-166)/8.
18
Let j = 5 + -9. Let o = j + 4. Suppose -6*r + 3*r + 168 = o. Calculate the remainder when r is divided by 19.
18
Suppose -13 = -5*f + 7. Let j(u) = 3*u - 43. Let v be j(15). Suppose 39 = 2*c + 5*b, -36 = v*c - f*c - 2*b. What is the remainder when c is divided by 9?
8
Suppose 0 = 42*w - 41*w - 113. Calculate the remainder when w is divided by 23.
21
Suppose -4*c = 4*t - 20, -7*c + 3*t = -2*c + 15. Suppose 6*o - o - 135 = c. Suppose 0 = -8*i + 5*i + o. What is the remainder when i is divided by 4?
1
Suppose 0 = 3*t - 2*y + y - 17, -4*y = 5*t. Let b(p) = 2*p**3 - 5*p**2 + p - 1. What is the remainder when b(t) is divided by 26?
25
Suppose -d + 213 = -603. Calculate the remainder when d is divided by 91.
88
What is the remainder when 28 is divided by (6/15 - 0)*105/3?
0
Let p(g) = g**3 + 5*g**2 - 9*g. Let u be p(-6). Let t = -12 + u. Calculate the remainder when 10 is divided by t.
4
Let o(w) = -w**3 - 3*w**2 + 6*w + 2. Calculate the remainder when 351 is divided by o(-5).
21
Suppose -4*v - m = -117, -3*v + 109 = -3*m + 10. Calculate the remainder when -339*(-2 + 2 + 3/(-9)) is divided by v.
23
Suppose -2*y + 9*y - 28 = 0. What is the remainder when y*1 - 969/(-17) is divided by 8?
5
Suppose 276 = 12*d - 7*d + v, -3*d + 3*v = -180. Calculate the remainder when 66 is divided by d.
10
Let k = 151 - 119. What is the remainder when k is divided by 11?
10
Let j(b) = -9*b**2 - b. Let o be j(-1). Let x be (-3)/(-6) + (-20)/o. Calculate the remainder when (x + -1)/((-3)/(-12)) is divided by 3.
2
Let s(k) = k**2 + 14*k + 11. What is the remainder when 43 is divided by s(-14)?
10
Let b(y) = y**3 - 18*y**2 + 22*y - 31. What is the remainder when b(17) is divided by 19?
16
Suppose -8 = -8*d + 10*d, 4*d = 2*k - 1102. Calculate the remainder when k is divided by 13.
10
Suppose -4*q - 4*c - 160 = 0, -q - 50 = -c + 4*c. Let u = 62 + q. Calculate the remainder when 80 is divided by u.
26
Suppose 20 = -5*i, -l + 38 = -i + 21. Calculate the remainder when 24 is divided by l.
11
Let w be (4 - -6)/(-5) + 28. Suppose -w = -5*l - 1. What is the remainder when 29 is divided by 9/1 - (6 - l)?
5
Suppose -3*m - g + 115 = -69, 5*g = -10. Calculate the remainder when m is divided by 22.
18
Calculate the remainder when 44 is divided by -3 - ((-4 - -21)*-1 - -3).
0
Let h = 26 - 22. Let i = h + 22. Suppose -3*t = -98 + i. What is the remainder when 95 is divided by t?
23
Let z(o) = 2*o - 49 + 52 - 3*o**2 + 4*o**3 - o. Calculate the remainder when 40 is divided by z(2).
15
Let a(c) = -2*c**2 + 3. Let u be a(-4). Let z = 21 + u. Calculate the remainder when z/(-24) + 110/3 is divided by 20.
17
Suppose 271 = 87*i - 512. Let w = -10 - -42. What is the remainder when w is divided by i?
5
Let v = -68 - -198. Calculate the remainder when v is divided by 12.
10
Let z = 59 + -59. What is the remainder when 208 is divided by (-9 - -6)/((-1)/(14 + z))?
40
Let h = 180 - 105. Calculate the remainder when h is divided by 13.
10
Let u = 16 - 18. Let c = 62 + 2. Let y = u + c. Calculate the remainder when y is divided by 16.
14
Suppose -81*j = -82*j + 2. Calculate the remainder when (j/(-2))/(-3*1/15) is divided by 5.
0
Let x = -118 - -115. Let r(b) = b**2 + b + 8. Calculate the remainder when 122 is divided by r(x).
10
Let x = -11 + 16. Let u = 1610 + -1586. Calculate the remainder when u is divided by x.
4
Suppose 0 = 3*z + 6, -4*v = -v + 5*z + 4. Let p(u) = -u**3 - 4*u**2 - 2*u + 3. Let w be p(-2). Calculate the remainder when (-11)/w*(-4 + 5) is divided by v.
1
Let b = -39 + 29. Let i(q) = -q - 6. Calculate the remainder when 27 is divided by i(b).
3
Let j = -1 + 3. Suppose s - 11 = 5*y, -2 = -y + 4*y + 4*s. What is the remainder when (-3)/((-6)/(-5))*y is divided by j?
1
Suppose 0*r - 33*r + 270 = -18*r. Let f = 1 + 0. Calculate the remainder when r is divided by (-2)/(-4)*(9 + f).
3
Suppose 1 + 11 = -4*c. Suppose 4*q - 8*g = -5*g + 84, -4*g = -5*q + 106. Let h = c + q. Calculate the remainder when 42 is divided by h.
12
Let o = -216 + 253. Calculate the remainder when 101 is divided by o.
27
Let i(d) = d**2 - 6*d + 5. Let y be i(5). Let u = -30 - -35. Let g = u + y. Calculate the remainder when g is divided by 2.
1
Suppose 0 = 119*w - 113*w - 354. Calculate the remainder when w is divided by 15.
14
Suppose 3*z - z = 14. Let o(l) = l**3 + 15*l**2 - 17*l - 14. Let n be o(-16). Suppose h + n*h = 33. What is the remainder when h is divided by z?
4
What is the remainder when (25944/(-414))/(2/(-6)) is divided by 39?
32
Let p be 18*-3*(-10)/135. Suppose p*b - 2*g - 58 = -0*g, -5*b - g = -90. What is the remainder when 30 is divided by b?
13
Let y(t) = -3*t - 9. Let z be y(-4). Suppose 19 = j + z*p, -5*p - 69 = -3*j + 58. What is the remainder when 130 is divided by j?
28
Let k = 389 + -266. Let f = 77 - 46. Calculate the remainder when k is divided by f.
30
Let q(y) = -3*y**3 + 26*y**2 - 8*y + 7. What is the remainder when q(8) is divided by 12?
11
Let f be (3/2 - -1)*72/45. Suppose 0*w = -w + 4*m + 50, 2*w - f*m = 112. Calculate the remainder when w is divided by 11.
7
Let d(z) = -z**3 + 6*z**2 + 3*z - 6. Let o = 18 + -12. Calculate the remainder when 105 is divided by d(o).
9
Let h be 3/((-24)/10)*-4. Suppose h*c - 73 = 212. Suppose b - 4*b + c = 0. Calculate the remainder when 35 is divided by b.
16
Suppose -5*t = r - 47 - 2, -5*t = 2*r - 98. Let l(c) = -c**3 - c**2 - 35. Let i be l(0). Let n = r + i. Calculate the remainder when 53 is divided by n.
11
Let q = 61 + -255. Let z = q - -303. Calculate the remainder when z is divided by 28.
25
Let p(n) = -n**3 - 13*n**2 - 36*n - 4. What is the remainder when 159 is divided by p(-3)?
5
Let g(u) = 35*u**2 - 22*u + 47. Calculate the remainder when g(2) is divided by 30.
23
Suppose 2 = -2*z + 16. Suppose -5*w = 2*j - 25, 4*w - j = -0 + z. Calculate the remainder when 3 is divided by w.
0
Let o = 10 + -6. Suppose -276 = -8*i + o*i. Calculate the remainder when i is divided by 18.
15
Let w = -1100 - -1116. Calculate the remainder when 88 is divided by w.
8
Let k(z) = -z**3 - z + 13. Let c be k(0). Let f = 42 - c. Calculate the remainder when 85 is divided by f.
27
Let s = 229 + -204. Calculate the remainder when 2098 is divided by s.
23
Let m be (-2 - -2) + -5 - -3. Let w = 29 + -10. What is the remainder when ((-2)/m)/(9/657) is divided by w?
16
Let c(y) = y**3 + 11*y**2 + 16*y + 15. Calculate the remainder when 197 is divided by c(-9).
32
Let i(v) = -13*v + 134. Calculate the remainder when i(0) is divided by 57.
20
Suppose -4*t + 2 = -6. Calculate the remainder when 73/t + 10/20 is divided by 13.
11
Calculate the remainder when (-14)/4*89760/(-476) is divided by 39.
36
Let h = -22 - -53. Let i(f) = -f**2 + 12*f + 13. Let o be i(13). Suppose o = n + 10*n - 121. Calculate the remainder when h is divided by n.
9
Suppose -4*z + 1272 = 2*l, -z + 300 = -15*l + 11*l. Calculate the remainder when z is divided by 16.
12
What is the remainder when ((-528)/6)/(2/(-3) - 0) is divided by 65?
2
Suppose 5*x - 1573 = -6*x. Suppose 5*o = -2*k + 304, 0 = 5*o + k - 159 - x. Calculate the remainder when o is divided by 13.
8
Let p(l) = 16*l**2 - 73*l - 16. Calculate the remainder when p(6) is divided by 33.
23
Let d(k) = k**2 + 5*k - 4. Let q be d(-6). Suppose -7*f + 36 = 1. Suppose f*l - q*l = 3. What is the remainder when 3 is divided by l?
0
Let c(r) = -r**3 - 5*r**2 - 4*r - 4. Suppose 0*s + 4*s = -3*o - 802, 528 = -2*o - 4*s. What is the remainder when o/(-6) - (-27)/81 is divided by c(-5)?
14
Suppose -20 = -3*g - g. Suppose 3*y - 13 = -k - 0*y, -2*k + y + g = 0. Suppose 0*f + k*f - 228 = 0. What is the remainder when f is divided by 12?
9
Let z = -106 - -107. Calculate the remainder when z/(363/(-183) + 2/1) is divided by 7.
5
Suppose 2*h - c = -19, -4*h + 2*c = -2*h + 24. Let t(s) = -s**3 - 17*s**2 + 35*s + 8. Calculate the remainder when t(-19) is divided by 2/6*(44 - h).
14
Let i(c) = -c**2 - 9*c - 8. Let b be i(-8). Let n(w) = w**3 + w**2 + 2*w + 37. What is the remainder when 70 is divided by n(b)?
33
Suppose -130 = -4*n + 122. What is the remainder when n is divided by 11?
8
Let a(q) = 4*q**3 + 4*q**2 - 2*q - 2. Let u be a(2). Let f = 33 + u. What is the remainder when f is divided by 19?
18
Let c(z) = -24*z - 12. Let p be c(